et c = q - t. What is the hundreds digit of c?
1
Let s(z) = 222*z + 19. Let r(x) = 2*x - 1. Let v(a) = -4*r(a) + s(a). What is the hundreds digit of v(4)?
8
What is the hundreds digit of 507024/66 - (5/25 + 2/(-110))?
6
Let n(t) = 1612*t**2 - 167*t - 628. What is the units digit of n(-5)?
7
Suppose -2*i = p - 1359, 2*i + 6747 = 5*p - 0*i. Let k = p - 946. What is the hundreds digit of k?
4
Suppose -53*q + 777156 + 1503979 = 684510. What is the hundreds digit of q?
1
Suppose 0 = -15*u + 19026 + 1584. Suppose -4*d - 3*l + l + 1832 = 0, -3*d + u = 4*l. What is the hundreds digit of d?
4
Let g be 50/(-150) + (-20)/(-6). Suppose g*r = r + k + 1333, 4*r - 2651 = -3*k. What is the units digit of r?
5
Suppose 5*b + 39 = 4*x - 2, -15 = 3*b. Suppose 8*d - 3*d + 47 = 3*s, x*s + 4*d - 20 = 0. What is the tens digit of ((-12)/s)/((-8)/276)?
4
Suppose -3*p + 94779 = -4*v, 4*v = -5*p + 47577 + 110388. What is the tens digit of p?
9
Suppose -616 - 662 = -9*g. Suppose -5*y = -q + 9 + 11, 2*q + 5*y - 25 = 0. Let s = g + q. What is the hundreds digit of s?
1
Let u(z) = 6*z**2 - 10*z + 15. Let x be u(6). Suppose 2*o = -2*m - 196, -o + 2*m = 137 - 51. Let g = x + o. What is the tens digit of g?
7
Suppose -39*w - 7903 = -40*w - 3*z, 4*z + 28 = 0. What is the hundreds digit of w?
9
Suppose 7 = 9*y - 11. Suppose 0 = -3*h - 5*k + 702, 5*h - 3*k = y*k + 1130. What is the hundreds digit of h?
2
Let f be -3 + 0 - (12 - 2). What is the hundreds digit of (1 - (325/(-20))/f)*-6316?
5
Suppose 5*b + 0*o + 20 = -o, -4*o + 20 = 0. Let d be (4 - (-44)/(-10))*b. What is the units digit of (5 - -11) + (d - -2)?
0
Let f be -4 + (8 - 2) - 0. Let b(n) = n**2 - 2. Let i be b(f). Let p(z) = 5*z - 2. What is the units digit of p(i)?
8
Let t(o) be the second derivative of 275*o**4/4 + o**3/6 + o**2/2 - 156*o. What is the hundreds digit of t(-1)?
8
Let p(m) = m**2 - 3. Let g be p(-4). Suppose 3*z - 4*h = 20, -4*h = -5*z - g + 33. Suppose z = 5*f - 2*f + j - 1, 3*j = -f - 5. What is the units digit of f?
1
What is the tens digit of (-2)/(-6)*((-18)/9 - -4994)?
6
Suppose 12*g - 6891 - 23649 = -3*g. What is the tens digit of g?
3
What is the thousands digit of 1271/155 + (-2)/10 + 3576?
3
Let v = -1357 + 3686. What is the tens digit of v?
2
Let w(n) = n**3 + n**2 - n + 1. Let b(f) = 11*f**3 + 4*f**2 - 7*f + 6. Let l(t) = b(t) - 5*w(t). Let m be 2/(-4) + (-5)/(-2). What is the units digit of l(m)?
1
Suppose 12*l - 73 = -61. What is the units digit of (-11407)/(-66)*4 + l/(-3)?
1
Let t be 85/20 + (-1)/4. Let g(u) = 7*u**2 - 12*u. Let c(o) = -5*o**2 + 11*o - 2. Let s(w) = 6*c(w) + 5*g(w). What is the tens digit of s(t)?
9
Let x(m) = -23*m + 37. Let p(u) = -23*u + 36. Let a be 13/4 + -3 + 75/(-12). Let f(w) = a*p(w) + 5*x(w). What is the hundreds digit of f(8)?
1
Let z = -3848 - -9191. What is the hundreds digit of z?
3
Let o(p) be the third derivative of 17*p**6/8 - p**4/6 + 2*p**3/3 - 149*p**2. What is the units digit of o(1)?
5
Let n = -3111 + 17726. What is the hundreds digit of n?
6
Let b(o) = -2*o - 4. Let v(c) = -c**3 + 12*c**2 - 9*c - 22. Let y be v(11). Let f be b(y). What is the units digit of 4*(-4)/16*f?
4
Suppose -4*h - 3*j = h - 24, 5*j = -5*h + 30. Suppose -5*a - k = -1980, h*a - 5*k - 1235 + 75 = 0. What is the tens digit of a?
9
Suppose -5*j = -14*j + 4023. Suppose -4*b = -8, 0*p + 3*b = -3*p + j. What is the tens digit of p?
4
Let c(v) = -3*v**2 - 18*v - 5. Let d be c(-6). What is the tens digit of (-6 - 40/d) + 304?
0
Let l(v) be the second derivative of 7*v**4/12 - v**3/3 - 22*v**2 + 145*v. What is the tens digit of l(-10)?
7
Let g = 134 - 140. What is the units digit of ((-2)/(-5))/(g/(-4530) - 0)?
2
What is the ten thousands digit of (-297 - -298)/((-1)/(-808*37))?
2
Let n = 15899 + -10142. What is the thousands digit of n?
5
What is the units digit of (-22 - -83347 - 40)*2/5?
4
Let k = 15664 - 11115. What is the tens digit of k?
4
Let r(g) = -16*g + 52. Let z(s) = -3*s - 1. Let d(t) = -r(t) + 16*z(t). What is the units digit of d(-8)?
8
Let u = -158 + 159. What is the tens digit of (-1)/u*7/(-7)*19?
1
Let b = 1 - 39. Let x = b + 458. What is the units digit of x?
0
Let u(n) = -594*n - 12. Let x be u(-2). Suppose 2*k - x + 472 = 0. What is the units digit of k?
2
Suppose -v = 6*j - 206729 + 75656, -21833 = -j + 4*v. What is the hundreds digit of j?
8
Let i = 101463 + -53029. What is the ten thousands digit of i?
4
Let y = -133 + 159. Suppose -1 = -5*n - y. What is the hundreds digit of -5*(-218)/(n/4*-4)?
2
Let g be 82/123 + 4/3. Suppose 0 = g*t - 3*q + 66 - 796, -1839 = -5*t + 4*q. What is the units digit of t?
1
Suppose 78 = -5*t + f, -t + 4*f - 2 = 6. What is the units digit of (249/(-12))/(4/t*1)?
3
Let t(l) be the second derivative of -l**3/2 + 76*l**2 - l - 29. What is the units digit of t(13)?
3
Let c(m) = -35*m - 11. Suppose -k = -4*x + 33, k - x + 14 + 7 = 0. What is the tens digit of c(k)?
8
Suppose 125*v + 2*v = 644779. What is the units digit of v?
7
Suppose 7*p - 110 = 12*p. What is the hundreds digit of -2 - 48/p - (-17196)/44?
3
Let a = 2586 - 1228. Suppose -4*k - 5*p + 679 = -3*k, 4*p + a = 2*k. What is the units digit of k?
9
Suppose 0 = -5*n - i + 4*i + 9, -3 = -3*n + i. Let u(d) = d**3 + d**2 + 5*d + 361. What is the units digit of u(n)?
1
Suppose -7*m + 10*m = 12. Suppose -c - m*l + 706 = 0, -2*c + 1269 + 115 = l. What is the units digit of c?
0
Let x(w) = 3*w - 621. Let z be x(0). Let y = 1215 + z. Suppose 0 = 5*k - y - 461. What is the units digit of k?
1
Let j be ((-48)/(-2))/((-18)/1356). Let n be 4/(-18) + j/(-36). Let v = n - 25. What is the units digit of v?
5
Let u = -533 - -523. Let b(j) = -165*j - 389. What is the tens digit of b(u)?
6
Let q be ((-3)/(-9))/(5/180*4). Suppose -q*t + 2382 = 4*r - 311, -3*t = 5*r - 3370. What is the tens digit of r?
7
Let s be (12 - 0/2)/((-99)/(-132)). Suppose -1148 = -s*l + 12*l. What is the units digit of l?
7
Let w = 6280 + -3201. What is the tens digit of w?
7
Let b(q) = 5*q**2 + 60*q + 87. Let y be b(-18). Suppose -2*w + 1713 = -y. What is the hundreds digit of w?
1
Let a(y) = -15*y**2 + 558*y - 41. What is the thousands digit of a(19)?
5
Let d = 27 + -21. Let n(w) = 5*w**2 - 13*w - 9. What is the units digit of n(d)?
3
What is the hundreds digit of -6 - (-1*(-11 + 16) - (0 - -11073))?
0
Suppose -28315 = -4*g + 205*s - 206*s, g = -s + 7075. What is the units digit of g?
0
Let u = -8583 + 21838. What is the units digit of u?
5
Suppose -192 = -q - 5*g, 4*q - 3*g - 540 = q. Suppose -4*u + 0*k - 3*k + q = 0, 5*k = -2*u + 84. What is the tens digit of u?
4
Suppose -23*r = -g - 22*r + 1801, 4*r = 5*g - 9003. What is the tens digit of g?
9
Let v = 1341 + -1988. Let t = v + 1027. What is the tens digit of t?
8
Let g = -3588 - -6753. What is the hundreds digit of g?
1
What is the thousands digit of (10/(-15))/(((-110)/90765)/11)?
6
Let p(m) = -m**3 - 26*m**2 - 48*m - 104. What is the units digit of p(-32)?
6
Let h(w) = w**3 + 47*w**2 + 124*w + 180. What is the tens digit of h(-44)?
3
Let k = -28 + 49. Let n = k - 15. What is the units digit of ((-21)/n + -1)*-18?
1
Suppose 0 = 13*q + 164782 - 277721 - 263216. What is the hundreds digit of q?
9
Let s be (-36 + 35)/(5032/(-5030) + 1). Suppose -4*i = -4*o + 1343 + 2021, -3*o = 5*i - s. What is the tens digit of o?
4
Let u = -51 + 67. Let p = u + 48. What is the units digit of p?
4
Let o be (-85)/2*(-22 + 18). What is the hundreds digit of o - ((-29)/(-58) - 5/2)?
1
What is the tens digit of 6 - (89/2)/(62/(-5208))?
4
Suppose 2*s = 3*c + 2*c - 34, 58 = -3*s + 4*c. Let k be 40/220 + (-40)/s. What is the units digit of k/(2/75) - 3?
2
Let l = 34668 + -13284. What is the hundreds digit of l?
3
Let w(p) = 5*p - 30. Let c(y) = 10*y - 60. Let s(z) = -2*c(z) + 5*w(z). Let n be s(7). Let v(g) = 3*g**3 - 6*g**2 + 3*g - 3. What is the hundreds digit of v(n)?
2
Suppose -2*n = 3*z - 0*z - 88, -5*z = 5*n - 155. Suppose 0 = -z*b + 34*b - 4264. What is the tens digit of b?
3
Let x be 476 + (-4)/4*(-1)/(-1). Let n = x - 233. What is the hundreds digit of n?
2
Suppose -3*t = -0*t - 12. Suppose -2*d + 6*y + 13 = y, -t*y = -4*d - 4. What is the units digit of (-107)/(-7) - d/(-21)?
5
Let q = -5260 + 11423. What is the hundreds digit of q?
1
Let p = -73329 + 110527. What is the tens di